e remainder when 146540021 is divided by 48846669.
14
Calculate the remainder when 5521449 is divided by 1380357.
21
What is the remainder when 38038643 is divided by 19?
16
Calculate the remainder when 124129 is divided by 1471.
565
What is the remainder when 190773 is divided by 1948?
1817
Calculate the remainder when 5609212 is divided by 52917.
10
Calculate the remainder when 5711622 is divided by 10736.
70
What is the remainder when 12260984 is divided by 26?
8
Calculate the remainder when 1225486 is divided by 55701.
64
What is the remainder when 201791 is divided by 1285?
46
Calculate the remainder when 66470686 is divided by 1955020.
6
What is the remainder when 141730544 is divided by 12?
8
What is the remainder when 971811 is divided by 1697?
1127
What is the remainder when 287251 is divided by 454?
323
Calculate the remainder when 151960 is divided by 25291.
214
What is the remainder when 13784375 is divided by 13?
7
Calculate the remainder when 1521520 is divided by 20560.
80
What is the remainder when 48569 is divided by 16186?
11
What is the remainder when 1871826 is divided by 10?
6
Calculate the remainder when 350852 is divided by 70170.
2
What is the remainder when 1198561 is divided by 5184?
1057
What is the remainder when 1794596 is divided by 3001?
2999
What is the remainder when 447622 is divided by 18?
16
What is the remainder when 2453204 is divided by 665?
19
What is the remainder when 447730 is divided by 166?
28
Calculate the remainder when 144535 is divided by 366.
331
Calculate the remainder when 2069735 is divided by 1195.
1190
What is the remainder when 161927 is divided by 1071?
206
Calculate the remainder when 95746049 is divided by 29.
26
What is the remainder when 13932221 is divided by 77?
72
Calculate the remainder when 11222742 is divided by 248.
246
What is the remainder when 6526585 is divided by 1284?
13
What is the remainder when 5261446 is divided by 86253?
13
What is the remainder when 6402093 is divided by 414?
411
Calculate the remainder when 4353060 is divided by 1939.
5
What is the remainder when 1007073 is divided by 45776?
1
Calculate the remainder when 24632 is divided by 12258.
116
What is the remainder when 1477110 is divided by 25034?
104
Calculate the remainder when 11345883 is divided by 180093.
24
What is the remainder when 113764579 is divided by 11?
5
What is the remainder when 301129 is divided by 150442?
245
What is the remainder when 6425798 is divided by 152?
150
What is the remainder when 12581295 is divided by 52?
51
Calculate the remainder when 12261838 is divided by 156.
82
What is the remainder when 343132 is divided by 1439?
650
What is the remainder when 10501147 is divided by 7?
6
Calculate the remainder when 618991 is divided by 731.
565
What is the remainder when 1497216 is divided by 88?
72
Calculate the remainder when 141567 is divided by 1812.
231
Calculate the remainder when 182978 is divided by 2435.
353
What is the remainder when 30472751 is divided by 3723?
3719
What is the remainder when 1613383 is divided by 268844?
319
Calculate the remainder when 2300119 is divided by 383353.
1
Calculate the remainder when 347076 is divided by 23138.
6
What is the remainder when 2364289 is divided by 4805?
229
Calculate the remainder when 140914680 is divided by 11742890.
0
Calculate the remainder when 5311943 is divided by 758842.
49
What is the remainder when 1024328883 is divided by 7?
4
Calculate the remainder when 4676744 is divided by 35.
9
Calculate the remainder when 116834 is divided by 906.
866
Calculate the remainder when 442031 is divided by 189.
149
Calculate the remainder when 33878740 is divided by 226.
210
What is the remainder when 201059 is divided by 10571?
210
Calculate the remainder when 31980 is divided by 1454.
1446
What is the remainder when 111725387 is divided by 36?
35
What is the remainder when 1228621 is divided by 307148?
29
Calculate the remainder when 382359 is divided by 615.
444
Calculate the remainder when 32721149 is divided by 10907048.
5
Calculate the remainder when 2491804 is divided by 256.
156
What is the remainder when 42245 is divided by 2218?
103
Calculate the remainder when 1638268 is divided by 1426.
1220
Calculate the remainder when 6308197 is divided by 200.
197
Calculate the remainder when 22573 is divided by 166.
163
Calculate the remainder when 298324 is divided by 27111.
103
Calculate the remainder when 3612963 is divided by 6.
3
Calculate the remainder when 1582305 is divided by 164.
33
What is the remainder when 1277688 is divided by 2184?
48
What is the remainder when 197150621 is divided by 944?
941
Calculate the remainder when 129245 is divided by 8077.
13
What is the remainder when 188535 is divided by 3696?
39
Calculate the remainder when 2162224 is divided by 2236.
12
Calculate the remainder when 912502 is divided by 4205.
17
What is the remainder when 1255447 is divided by 313659?
811
What is the remainder when 1776133 is divided by 2683?
2670
Calculate the remainder when 5602448 is divided by 174.
170
What is the remainder when 1132108 is divided by 313?
300
What is the remainder when 56321998 is divided by 240?
238
Calculate the remainder when 44653510 is divided by 337.
336
What is the remainder when 4181 is divided by 4146?
35
Calculate the remainder when 249406 is divided by 255.
16
What is the remainder when 8084383 is divided by 136?
135
What is the remainder when 3213326 is divided by 1071105?
11
Calculate the remainder when 1074708 is divided by 82669.
11
What is the remainder when 19227955 is divided by 15?
10
What is the remainder when 409400 is divided by 5386?
64
Calculate the remainder when 1978938 is divided by 66.
60
What is the remainder when 3381247 is divided by 648?
631
What is the remainder when 422985 is divided by 115?
15
Calculate the remainder when 3816041 is divided by 131582.
163
What is the remainder when 16455839 is divided by 75?
14
What is the remainder when 698795 is divided by 1644?
95
What is the remainder when 3275420 is divided by 627?
599
Calculate the remainder when 249200 is divided by 6733.
79
What is the remainder when 1740220 is divided by 869250?
1720
Calculate the remainder when 1794759 is divided by 897377.
5
Calculate the remainder when 669790 is divided by 18075.
1015
Calculate the remainder when 3895077 is divided by 194753.
17
What is the remainder when 29878 is divided by 13276?
3326
Calculate the remainder when 968345 is divided by 109.
98
What is the remainder when 47488342 is divided by 16?
6
What is the remainder when 78842 is divided by 1375?
467
Calculate the remainder when 28874 is divided by 960.
74
Calculate the remainder when 2355810 is divided by 17.
1
Calculate the remainder when 70889583 is divided by 162.
3
What is the remainder when 169865 is divided by 41803?
2653
Calculate the remainder when 624020 is divided by 624020.
0
What is the remainder when 7221490 is divided by 32?
18
Calculate the remainder when 133080743 is divided by 825.
818
What is the remainder when 282779 is divided by 70381?
1255
Calculate the remainder when 33455417 is divided by 1480.
17
What is the remainder when 6285487 is divided by 1006?
1005
Calculate the remainder when 28043624 is divided by 137.
135
Calculate the remainder when 1601658 is divided by 228675.
933
Calculate the remainder when 119995 is divided by 5713.
22
What is the remainder when 6279037 is divided by 146?
15
What is the remainder when 73170 is divided by 1382?
1306
Calculate the remainder when 57980 is divided by 77.
76
What is the remainder when 285348888 is divided by 470097?
9
What is the remainder when 23427704 is divided by 46?
42
Calculate the remainder when 1062016 is divided by 10515.
1
Calculate the remainder when 7657830 is divided by 1256.
1254
Calculate the remainder when 5933426 is divided by 34.
18
What is the remainder when 14428404 is divided by 4367?
4203
Calculate the remainder when 23109 is divided by 2920.
2669
What is the remainder when 267616 is divided by 1061?
244
What is the remainder when 14814391 is divided by 9?
4
What is the remainder when 11348213 is divided by 1053?
32
Calculate the remainder when 4728366 is divided by 1813.
62
Calculate the remainder when 171841 is divided b